
2, 11, 719
What are the prime factors of 5575?
5, 223
List the prime factors of 25066.
2, 83, 151
What are the prime factors of 12508?
2, 53, 59
List the prime factors of 5654.
2, 11, 257
List the prime factors of 94652.
2, 23663
What are the prime factors of 13737?
3, 19, 241
What are the prime factors of 156129?
3, 71, 733
What are the prime factors of 1159?
19, 61
List the prime factors of 7873.
7873
What are the prime factors of 1020?
2, 3, 5, 17
What are the prime factors of 2781?
3, 103
What are the prime factors of 67456?
2, 17, 31
What are the prime factors of 7358?
2, 13, 283
List the prime factors of 372.
2, 3, 31
What are the prime factors of 20816?
2, 1301
List the prime factors of 19475.
5, 19, 41
List the prime factors of 1498.
2, 7, 107
What are the prime factors of 1456?
2, 7, 13
List the prime factors of 10246.
2, 47, 109
What are the prime factors of 53796?
2, 3, 4483
What are the prime factors of 372?
2, 3, 31
List the prime factors of 734.
2, 367
What are the prime factors of 3792?
2, 3, 79
What are the prime factors of 2004?
2, 3, 167
List the prime factors of 39501.
3, 7, 11, 19
List the prime factors of 27551.
27551
List the prime factors of 17506.
2, 8753
List the prime factors of 63757.
103, 619
What are the prime factors of 37564?
2, 9391
What are the prime factors of 397?
397
What are the prime factors of 876?
2, 3, 73
List the prime factors of 5349.
3, 1783
What are the prime factors of 548?
2, 137
What are the prime factors of 136?
2, 17
What are the prime factors of 346?
2, 173
List the prime factors of 20295.
3, 5, 11, 41
List the prime factors of 231.
3, 7, 11
List the prime factors of 5344.
2, 167
List the prime factors of 40430.
2, 5, 13, 311
List the prime factors of 6462.
2, 3, 359
What are the prime factors of 140053?
140053
What are the prime factors of 441?
3, 7
List the prime factors of 158.
2, 79
List the prime factors of 77217.
3, 7, 3677
What are the prime factors of 13303?
53, 251
List the prime factors of 40283.
40283
List the prime factors of 5138.
2, 7, 367
List the prime factors of 1156.
2, 17
List the prime factors of 287.
7, 41
What are the prime factors of 410?
2, 5, 41
What are the prime factors of 46875?
3, 5
What are the prime factors of 48915?
3, 5, 1087
List the prime factors of 6781.
6781
List the prime factors of 901.
17, 53
List the prime factors of 3786.
2, 3, 631
List the prime factors of 272.
2, 17
What are the prime factors of 93802?
2, 46901
List the prime factors of 25717.
25717
List the prime factors of 4114.
2, 11, 17
List the prime factors of 1599.
3, 13, 41
What are the prime factors of 19177?
127, 151
List the prime factors of 632.
2, 79
List the prime factors of 1401.
3, 467
List the prime factors of 1189.
29, 41
List the prime factors of 1769.
29, 61
List the prime factors of 96823.
96823
List the prime factors of 396.
2, 3, 11
List the prime factors of 2777.
2777
What are the prime factors of 41363?
7, 19, 311
What are the prime factors of 6830?
2, 5, 683
What are the prime factors of 6901?
67, 103
What are the prime factors of 797?
797
List the prime factors of 7403.
11, 673
What are the prime factors of 154487?
154487
What are the prime factors of 15909?
3, 5303
List the prime factors of 3631.
3631
List the prime factors of 34498.
2, 47, 367
List the prime factors of 11304.
2, 3, 157
List the prime factors of 1610.
2, 5, 7, 23
List the prime factors of 4732.
2, 7, 13
List the prime factors of 163151.
163151
What are the prime factors of 5293?
67, 79
List the prime factors of 15716.
2, 3929
What are the prime factors of 1213?
1213
What are the prime factors of 5538?
2, 3, 13, 71
What are the prime factors of 1704?
2, 3, 71
List the prime factors of 3556.
2, 7, 127
List the prime factors of 7130.
2, 5, 23, 31
What are the prime factors of 1816?
2, 227
List the prime factors of 14747.
14747
List the prime factors of 20259.
3, 2251
What are the prime factors of 4033?
37, 109
List the prime factors of 143236.
2, 35809
What are the prime factors of 3617?
3617
What are the prime factors of 38197?
38197
What are the prime factors of 664?
2, 83
List the prime factors of 1964.
2, 491
What are the prime factors of 419?
419
List the prime factors of 1889.
1889
What are the prime factors of 407?
11, 37
List the prime factors of 2325.
3, 5, 31
What are the prime factors of 17578?
2, 11, 17, 47
What are the prime factors of 2630?
2, 5, 263
List the prime factors of 32806.
2, 47, 349
List the prime factors of 1357.
23, 59
What are the prime factors of 4040?
2, 5, 101
List the prime factors of 986.
2, 17, 29
List the prime factors of 21035.
5, 7, 601
List the prime factors of 8787.
3, 29, 101
List the prime factors of 21702.
2, 3, 3617
List the prime factors of 48.
2, 3
What are the prime factors of 1585?
5, 317
What are the prime factors of 1795?
5, 359
What are the prime factors of 122639?
11, 11149
What are the prime factors of 1846?
2, 13, 71
What are the prime factors of 2282?
2, 7, 163
List the prime factors of 10415.
5, 2083
What are the prime factors of 2721?
3, 907
List the prime factors of 26657.
19, 23, 61
What are the prime factors of 7459?
7459
List the prime factors of 1809.
3, 67
List the prime factors of 655.
5, 131
What are the prime factors of 237?
3, 79
List the prime factors of 23274.
2, 3, 431
List the prime factors of 4030.
2, 5, 13, 31
List the prime factors of 5970.
2, 3, 5, 199
List the prime factors of 15550.
2, 5, 311
List the prime factors of 1219.
23, 53
List the prime factors of 425.
5, 17
List the prime factors of 15780.
2, 3, 5, 263
What are the prime factors of 9470?
2, 5, 947
What are the prime factors of 3648?
2, 3, 19
What are the prime factors of 3299?
3299
What are the prime factors of 4279?
11, 389
What are the prime factors of 16726?
2, 8363
List the prime factors of 72.
2, 3
What are the prime factors of 1399?
1399
List the prime factors of 209833.
13, 16141
What are the prime factors of 4729?
4729
List the prime factors of 41542.
2, 20771
List the prime factors of 1580.
2, 5, 79
List the prime factors of 11836.
2, 11, 269
What are the prime factors of 756?
2, 3, 7
List the prime factors of 31543.
31543
List the prime factors of 27042.
2, 3, 4507
List the prime factors of 6394.
2, 23, 139
What are the prime factors of 21784?
2, 7, 389
What are the prime factors of 51484?
2, 61, 211
List the prime factors of 1859.
11, 13
List the prime factors of 143389.
223, 643
List the prime factors of 85268.
2, 21317
List the prime factors of 12418.
2, 7, 887
What are the prime factors of 42714?
2, 3, 7, 113
What are the prime factors of 2097?
3, 233
List the prime factors of 48461.
7, 23, 43
List the prime factors of 49.
7
What are the prime factors of 89145?
3, 5, 7, 283
What are the prime factors of 10057?
89, 113
List the prime factors of 34873.
43, 811
List the prime factors of 15844.
2, 17, 233
List the prime factors of 1205.
5, 241
List the prime factors of 3688.
2, 461
What are the prime factors of 5696?
2, 89
What are the prime factors of 123?
3, 41
List the prime factors of 3933.
3, 19, 23
What are the prime factors of 6227?
13, 479
List the prime factors of 67202.
2, 33601
List the prime factors of 227.
227
List the prime factors of 3610.
2, 5, 19
What are the prime factors of 1125?
3, 5
List the prime factors of 17584.
2, 7, 157
What are the prime factors of 20541?
3, 41, 167
What are the prime factors of 2222?
2, 11, 101
What are the prime factors of 2701?
37, 73
What are the prime factors of 56614?
2, 28307
List the prime factors of 1415.
5, 283
What are the prime factors of 767?
13, 59
List the prime factors of 6867.
3, 7, 109
What are the prime factors of 9212?
2, 7, 47
List the prime factors of 44470.
2, 5, 4447
What are the prime factors of 7404?
2, 3, 617
List the prime factors of 683.
683
What are the prime factors of 2674?
2, 7, 191
List the prime factors of 4183.
47, 89
What are the prime factors of 856?
2, 107
What are the prime factors of 399?
3, 7, 19
List the prime factors of 36630.
2, 3, 5, 11, 37
What are the prime factors of 1552?
2, 97
What are the prime factors of 45279?
3, 13, 43
What are the prime factors of 44556?
2, 3, 47, 79
What are the prime factors of 1497?
3, 499
List the prime factors of 153353.
153353
List the pr